alculate the highest common factor of 155 and 244993.
31
What is the greatest common factor of 49884 and 86956126?
8314
Calculate the greatest common divisor of 608 and 223395616.
608
What is the highest common factor of 12 and 67372?
4
Calculate the greatest common factor of 21199402 and 209.
19
Calculate the greatest common factor of 87732 and 1854.
18
What is the greatest common divisor of 4174 and 298810399?
2087
Calculate the highest common factor of 9036404 and 962.
26
What is the greatest common factor of 2619 and 1236362?
97
Calculate the greatest common divisor of 18 and 14907816.
18
What is the highest common divisor of 875879 and 7033?
541
What is the highest common factor of 111055 and 4275?
95
Calculate the highest common divisor of 14903405 and 5115.
1705
Calculate the highest common divisor of 100 and 375984775.
25
What is the highest common divisor of 2320771 and 59687?
3511
What is the highest common divisor of 1159374633 and 201?
201
Calculate the highest common divisor of 154843024 and 1904.
112
Calculate the highest common divisor of 5999 and 71808887.
857
What is the highest common divisor of 332 and 420391514?
166
Calculate the greatest common divisor of 1521055100 and 100.
100
Calculate the greatest common factor of 180114 and 9636.
66
What is the highest common factor of 1740 and 116670?
30
What is the highest common divisor of 1097282 and 119?
17
Calculate the greatest common factor of 1908 and 3636189.
9
Calculate the highest common divisor of 641711 and 3.
1
Calculate the highest common divisor of 12631818 and 115599.
10509
Calculate the greatest common divisor of 541 and 775947103.
541
What is the greatest common divisor of 954273 and 2488029?
2883
Calculate the greatest common divisor of 131220 and 131260.
20
What is the highest common factor of 188678 and 3983?
7
Calculate the highest common factor of 3513774 and 2046.
66
What is the highest common factor of 1456268 and 193798?
506
Calculate the highest common divisor of 100 and 1731524.
4
Calculate the highest common factor of 9816165 and 18.
9
What is the highest common factor of 68 and 306508?
4
Calculate the greatest common factor of 5183 and 26057.
71
Calculate the highest common divisor of 2829947 and 37103.
3373
Calculate the greatest common divisor of 44 and 53977682.
22
What is the greatest common divisor of 2 and 3940418?
2
Calculate the highest common divisor of 4829 and 24578293.
439
What is the highest common divisor of 735 and 27844565?
35
Calculate the highest common divisor of 12062588 and 15317.
901
Calculate the greatest common factor of 464 and 6303846.
58
What is the greatest common divisor of 89406 and 154?
2
What is the greatest common factor of 61889568 and 51207?
3939
What is the greatest common divisor of 5815673 and 158659?
5471
What is the greatest common divisor of 2471945 and 140?
35
What is the highest common divisor of 35 and 53201260?
35
What is the highest common factor of 6915 and 645195?
15
What is the highest common factor of 58737 and 90379461?
8391
Calculate the highest common factor of 596175360 and 768.
768
What is the greatest common factor of 8566578 and 18?
18
What is the highest common divisor of 12353145 and 10395?
105
Calculate the greatest common divisor of 889531 and 2169.
241
Calculate the greatest common factor of 35187 and 5883.
111
What is the highest common factor of 28 and 39692044?
28
Calculate the highest common factor of 4399 and 42517829.
83
Calculate the highest common factor of 24992 and 1431936.
352
Calculate the highest common divisor of 36929984 and 13055.
2611
Calculate the highest common divisor of 75 and 15282275.
25
Calculate the highest common factor of 4698 and 43110414.
1566
What is the greatest common divisor of 73021 and 52471?
137
What is the greatest common factor of 264365225 and 50?
25
What is the highest common factor of 535 and 802977755?
535
Calculate the highest common factor of 5575675 and 6475.
175
What is the highest common divisor of 9628 and 6016006?
166
Calculate the highest common divisor of 52 and 101592283.
13
Calculate the greatest common divisor of 2067651 and 225.
9
What is the greatest common divisor of 212 and 56249006?
106
What is the greatest common divisor of 37216109 and 7?
7
What is the highest common factor of 1067 and 33143154?
1067
What is the highest common factor of 24118172 and 204?
68
What is the greatest common divisor of 4971 and 224279921?
1657
Calculate the greatest common divisor of 902606319 and 23.
23
Calculate the highest common factor of 34 and 42730894.
34
Calculate the highest common divisor of 3749581 and 8591.
781
Calculate the highest common divisor of 6480 and 417150.
810
Calculate the highest common divisor of 1764360 and 2475.
45
What is the greatest common factor of 6632219 and 11?
11
Calculate the highest common divisor of 20 and 451244930.
10
Calculate the greatest common divisor of 795 and 1234575.
15
Calculate the highest common factor of 5004 and 219113484.
1668
What is the greatest common divisor of 39 and 81978208?
13
What is the greatest common factor of 36518137 and 559?
43
What is the greatest common factor of 136276088 and 6942?
2314
Calculate the greatest common factor of 9348 and 155377003.
779
What is the highest common divisor of 5199 and 915195567?
5199
Calculate the greatest common divisor of 24178 and 32801853.
1099
What is the greatest common factor of 91454 and 3718?
22
What is the highest common divisor of 80 and 1315235?
5
What is the highest common factor of 42382356 and 492?
492
Calculate the highest common factor of 200 and 765100.
100
What is the greatest common divisor of 1 and 4792057?
1
Calculate the highest common divisor of 48415 and 3094880.
115
What is the greatest common factor of 40084653 and 59570?
5957
Calculate the greatest common divisor of 85362 and 48675078.
2082
Calculate the greatest common factor of 1472 and 54324896.
736
Calculate the highest common divisor of 202 and 819817.
101
Calculate the highest common divisor of 1603 and 32354.
7
Calculate the highest common divisor of 4120240 and 2700.
20
Calculate the greatest common divisor of 122573304 and 567.
189
What is the greatest common divisor of 238 and 35352401?
119
What is the highest common factor of 1405526 and 170850?
2278
What is the highest common divisor of 20197465 and 2327?
179
Calculate the greatest common factor of 115 and 894808100.
115
Calculate the greatest common divisor of 107037925 and 175.
25
Calculate the greatest common factor of 86381856 and 1320.
264
Calculate the greatest common divisor of 140845192 and 276.
92
What is the highest common divisor of 27 and 63097911?
9
What is the greatest common divisor of 14784 and 1246938?
462
What is the highest common factor of 252 and 155021517?
63
Calculate the highest common divisor of 21692 and 5001876.
748
What is the highest common divisor of 1355 and 18517159?
271
Calculate the greatest common divisor of 44 and 412430579.
11
Calculate the highest common factor of 3620868 and 1254.
114
Calculate the greatest common factor of 6029272 and 368.
8
What is the greatest common factor of 1282081 and 8?
1
What is the highest common divisor of 5132745 and 167?
167
Calculate the greatest common factor of 25 and 5585575.
25
Calculate the highest common divisor of 2948237 and 50747.
1637
Calculate the highest common divisor of 14112 and 816732.
1764
What is the greatest common factor of 443517345 and 45?
45
What is the highest common factor of 25767815 and 17269?
2467
What is the highest common factor of 17685 and 11499570?
135
Calculate the highest common divisor of 3276 and 41508.
36
What is the greatest common factor of 108 and 885984?
12
Calculate the greatest common factor of 180 and 3435030.
90
Calculate the highest common divisor of 1959672 and 15015.
429
Calculate the greatest common divisor of 19504 and 33796192.
848
Calculate the greatest common factor of 353862 and 11178.
54
What is the highest common factor of 424963 and 2233?
77
Calculate the greatest common factor of 681 and 7880838.
3
What is the highest common factor of 75872734 and 323?
17
Calculate the greatest common factor of 2045001 and 294.
21
Calculate the greatest common divisor of 2044598 and 3294.
122
Calculate 